t is the remainder when 113 is divided by 7?
1
Calculate the remainder when 368 is divided by 172.
24
Calculate the remainder when 479 is divided by 36.
11
Calculate the remainder when 1034 is divided by 28.
26
What is the remainder when 303 is divided by 38?
37
Calculate the remainder when 2964 is divided by 28.
24
Calculate the remainder when 261 is divided by 205.
56
Calculate the remainder when 640 is divided by 23.
19
What is the remainder when 181 is divided by 49?
34
What is the remainder when 429 is divided by 43?
42
Calculate the remainder when 164 is divided by 49.
17
Calculate the remainder when 12 is divided by 7.
5
Calculate the remainder when 481 is divided by 27.
22
What is the remainder when 91 is divided by 42?
7
What is the remainder when 588 is divided by 11?
5
Calculate the remainder when 3388 is divided by 15.
13
Calculate the remainder when 1263 is divided by 5.
3
What is the remainder when 82 is divided by 31?
20
What is the remainder when 223 is divided by 78?
67
What is the remainder when 427 is divided by 115?
82
What is the remainder when 224 is divided by 79?
66
Calculate the remainder when 156 is divided by 23.
18
What is the remainder when 128 is divided by 12?
8
Calculate the remainder when 251 is divided by 44.
31
Calculate the remainder when 760 is divided by 377.
6
Calculate the remainder when 77 is divided by 20.
17
What is the remainder when 5647 is divided by 1881?
4
Calculate the remainder when 150 is divided by 22.
18
Calculate the remainder when 79 is divided by 8.
7
Calculate the remainder when 20939 is divided by 6976.
11
What is the remainder when 22089 is divided by 14?
11
What is the remainder when 1109 is divided by 159?
155
Calculate the remainder when 270 is divided by 68.
66
What is the remainder when 221 is divided by 83?
55
Calculate the remainder when 531 is divided by 144.
99
Calculate the remainder when 188 is divided by 106.
82
Calculate the remainder when 266 is divided by 7.
0
What is the remainder when 640 is divided by 208?
16
What is the remainder when 358 is divided by 12?
10
What is the remainder when 1232 is divided by 383?
83
Calculate the remainder when 9415 is divided by 73.
71
Calculate the remainder when 158 is divided by 54.
50
Calculate the remainder when 276 is divided by 7.
3
What is the remainder when 158 is divided by 15?
8
What is the remainder when 516 is divided by 74?
72
Calculate the remainder when 124 is divided by 22.
14
What is the remainder when 235 is divided by 17?
14
Calculate the remainder when 201 is divided by 144.
57
What is the remainder when 6464 is divided by 66?
62
What is the remainder when 215 is divided by 7?
5
Calculate the remainder when 144 is divided by 37.
33
What is the remainder when 481 is divided by 26?
13
Calculate the remainder when 708 is divided by 700.
8
What is the remainder when 3072 is divided by 309?
291
Calculate the remainder when 35 is divided by 16.
3
What is the remainder when 96 is divided by 43?
10
Calculate the remainder when 76 is divided by 22.
10
What is the remainder when 426 is divided by 13?
10
What is the remainder when 161 is divided by 15?
11
What is the remainder when 548 is divided by 94?
78
What is the remainder when 193 is divided by 49?
46
What is the remainder when 1805 is divided by 599?
8
Calculate the remainder when 771 is divided by 44.
23
Calculate the remainder when 51 is divided by 43.
8
Calculate the remainder when 491 is divided by 125.
116
What is the remainder when 229 is divided by 47?
41
Calculate the remainder when 2611 is divided by 868.
7
Calculate the remainder when 5108 is divided by 43.
34
What is the remainder when 725 is divided by 66?
65
What is the remainder when 138 is divided by 49?
40
Calculate the remainder when 1011 is divided by 95.
61
Calculate the remainder when 172 is divided by 38.
20
What is the remainder when 965 is divided by 192?
5
Calculate the remainder when 1068 is divided by 214.
212
Calculate the remainder when 1203 is divided by 236.
23
What is the remainder when 644 is divided by 635?
9
What is the remainder when 42 is divided by 6?
0
Calculate the remainder when 163 is divided by 87.
76
What is the remainder when 33 is divided by 2?
1
Calculate the remainder when 1203 is divided by 39.
33
Calculate the remainder when 1832 is divided by 47.
46
Calculate the remainder when 546 is divided by 142.
120
Calculate the remainder when 642 is divided by 43.
40
What is the remainder when 419 is divided by 42?
41
What is the remainder when 170 is divided by 92?
78
What is the remainder when 338 is divided by 113?
112
Calculate the remainder when 273 is divided by 46.
43
What is the remainder when 725 is divided by 106?
89
Calculate the remainder when 939 is divided by 183.
24
Calculate the remainder when 261 is divided by 21.
9
What is the remainder when 1134 is divided by 114?
108
What is the remainder when 77 is divided by 17?
9
Calculate the remainder when 1986 is divided by 39.
36
What is the remainder when 70 is divided by 16?
6
What is the remainder when 4018 is divided by 20?
18
Calculate the remainder when 415 is divided by 222.
193
What is the remainder when 598 is divided by 24?
22
Calculate the remainder when 2424 is divided by 18.
12
Calculate the remainder when 262 is divided by 12.
10
Calculate the remainder when 554 is divided by 40.
34
Calculate the remainder when 1438 is divided by 73.
51
Calculate the remainder when 288 is divided by 68.
16
What is the remainder when 308 is divided by 13?
9
Calculate the remainder when 3120 is divided by 30.
0
What is the remainder when 495 is divided by 139?
78
Calculate the remainder when 42 is divided by 1.
0
What is the remainder when 36 is divided by 22?
14
Calculate the remainder when 315 is divided by 161.
154
What is the remainder when 492 is divided by 111?
48
What is the remainder when 237 is divided by 7?
6
Calculate the remainder when 526 is divided by 53.
49
Calculate the remainder when 586 is divided by 49.
47
What is the remainder when 243 is divided by 56?
19
Calculate the remainder when 8057 is divided by 52.
49
Calculate the remainder when 80 is divided by 30.
20
What is the remainder when 2260 is divided by 750?
10
What is the remainder when 6268 is divided by 285?
283
What is the remainder when 223 is divided by 15?
13
Calculate the remainder when 681 is divided by 94.
23
Calculate the remainder when 734 is divided by 418.
316
Calculate the remainder when 521 is divided by 9.
8
Calculate the remainder when 85 is divided by 32.
21
What is the remainder when 265 is divided by 94?
77
What is the remainder when 16 is divided by 12?
4
Calculate the remainder when 4597 is divided by 73.
71
What is the remainder when 75 is divided by 19?
18
Calculate the remainder when 242 is divided by 21.
11
What is the remainder when 227 is divided by 60?
47
Calculate the remainder when 285 is divided by 185.
100
What is the remainder when 57 is divided by 32?
25
Calculate the remainder when 101 is divided by 41.
19
What is the remainder when 517 is divided by 37?
36
What is the remainder when 386 is divided by 26?
22
Calculate the remainder when 296 is divided by 5.
1
What is the remainder when 455 is divided by 42?
35
What is the remainder when 705 is divided by 99?
12
Calculate the remainder when 6561 is divided by 65.
61
What is the remainder when 68 is divided by 9?
5
Calculate the remainder when 235 is divided by 65.
40
What is the remainder when 194 is divided by 110?
84
Calculate the remainder when 229 is divided by 11.
9
What is the remainder when 2982 is divided by 990?
12
Calculate the remainder when 592 is divided by 85.
82
What is the remainder when 103 is divided by 31?
10
What is the remainder when 1434 is divided by 118?
18
What is the remainder when 3962 is divided by 65?
62
Calculate the remainder when 1273 is divided by 183.
175
What is the remainder when 913 is divided by 27?
22
Calculate the remainder when 137 is divided by 57.
23
What is the remainder when 161 is divided by 83?
78
What is the remainder when 125 is divided by 49?
27
What is the remainder when 204 is divided by 96?
12
What is the remainder when 134 is divided by 17?
15
What is the remainder when 611 is divided by 24?
11
What is the re